*v. Suppose 2*i = -2*i + s. What is the units digit of i?
6
What is the thousands digit of (-1 + (-1 - 809))/((-26)/10140*15)?
1
Suppose 13*s - 90 = -5*s. Suppose -r + s*h + 7 - 6 = 0, -36 = -3*r + 4*h. What is the tens digit of r?
1
Let k(v) = -v**3 + 10*v**2 - 16*v + 3. Let o be k(8). Suppose 2*t - 2*a + 1111 = -o*t, -5*t - 1117 = a. What is the units digit of t/(-6) - 8/48?
7
Let i = 46 - 26. Suppose 14*m + i = 16*m. What is the tens digit of m?
1
Let l = 6587 + -1681. What is the hundreds digit of l?
9
Let p be 0/1 - -1*(4 - 3). What is the hundreds digit of 53694/285 + (3/5 - p)?
1
Suppose 2*q - 2*g = 524, -446 = -2*q + 8*g + 30. What is the hundreds digit of q?
2
Let d(x) = -16*x - 614. What is the hundreds digit of d(-47)?
1
Suppose -11*d + 340173 = 71597. What is the ten thousands digit of d?
2
Suppose -12 = -4*n, -4*n + 57227 = 3*f + 2*f. Suppose -2657 - f = -25*b. What is the units digit of b?
4
Suppose -7*q = -q. Suppose q = 3*h - 60 - 306. What is the hundreds digit of h - (-1 - -5 - 1)?
1
Suppose j + 2*k = 308, k + 1584 = 4*j + j. Let b be 5*(3/(-7) - 817/(-665)). Suppose b*h + j = 4*w, w + 4*h = -w + 164. What is the tens digit of w?
8
Let t(p) = p**2 - 2*p + 63. Let w be t(0). Let d = 62 - w. Let v(s) = -49*s**3 - 3*s**2 - 2*s + 1. What is the tens digit of v(d)?
4
What is the units digit of 15836/6 + 9 - 14/(-21)?
9
Suppose 14*y + 1189 - 8819 = 0. Let c = 30 + -26. Suppose -4*j - 1105 = -c*p - 5*j, -2*p - 3*j = -y. What is the units digit of p?
7
Let k(o) = 19*o - 108. Let g be k(7). Suppose 31*m - g*m = 42. What is the units digit of m?
7
What is the tens digit of 2600190/315 - 8*5/70?
5
What is the units digit of (-91157)/(-13) + 106/(-1378)?
2
What is the ten thousands digit of (-155)/((-5735)/503496) - 7*2/2?
1
Let h = -1001 + 4296. Suppose -5*s - 5377 = -3*b, -4*s + 5679 = 5*b - h. What is the units digit of b?
4
What is the tens digit of 9/12 + 5 + 256165/20?
1
Let o(f) = f**3 - 75*f**2 + 288*f - 64. What is the hundreds digit of o(72)?
1
Let a be (5/(-75)*5)/(1/(-12)). Suppose a*d - 1 = -4*g + 7, 3*g - 4*d + 8 = 0. What is the units digit of (g + -39)*6/(-2)?
7
Suppose -20 = -4*d, 5*s - 55535 = -10*d + 3*d. What is the thousands digit of s?
1
What is the tens digit of 22090/11 - (3 - 341/121)?
0
Suppose -107549 = -19*d + 111046. What is the thousands digit of d?
1
Let b be ((-205)/(-10))/(1/8). Let t(o) = -43*o + 174. Let u be t(4). Suppose u*p + 636 = 4*k, -b = 2*k + p - 486. What is the hundreds digit of k?
1
Suppose 0 = 24*f - 4*f - 80. What is the units digit of f/(8/5)*2?
5
Let a(d) = -8328*d - 7530. What is the units digit of a(-5)?
0
Suppose -8347 = -17*k - 0*k. Let u = k + -122. What is the hundreds digit of u?
3
Suppose -16 + 120 = 4*a. Let q be (-3)/((-24)/a) - (-1)/(-4). What is the tens digit of (44/(-18))/((-6)/9)*q?
1
Let d(n) = 28*n**3 - 6*n**2 - 2*n - 44. Let y be d(7). Suppose 0*s + y = 18*s. What is the tens digit of s?
1
Suppose -12515 = 106*c - 5214783. What is the hundreds digit of c?
0
Let j(b) = 271*b**2 - 65*b - 255. What is the units digit of j(-4)?
1
Let s = -2681 - -22314. What is the ten thousands digit of s?
1
Let i = -57 + 53. Let p be ((-4)/10)/((-1)/((-1580)/i)). Suppose 0 = 5*y - 117 - p. What is the tens digit of y?
5
Let q = 32440 + -7795. What is the hundreds digit of q?
6
Let y = 25344 - 10111. What is the thousands digit of y?
5
Let t(o) = -91*o**3 - o**2 + 5*o + 5. Let y be t(-1). What is the units digit of (1 - 0)/(2 - y/46)?
3
What is the thousands digit of (1 + -61)/((-46)/5681)?
7
Let l(t) = -28*t**2 - 6*t + 5. Let h(v) = -v. Let r(q) = 2*h(q) - l(q). Let z be 6/4 - 10/(-20). What is the tens digit of r(z)?
1
Let m be (24/(-8) + -1)*3/(-4). Suppose 2*l - 4*c - 424 = 0, l = -3*l + m*c + 833. What is the units digit of l - (-30)/(5 + 1)?
1
Suppose 2*w + 3*b - 7245 = 0, 0 = 2*w - 99*b + 104*b - 7243. What is the units digit of w?
4
Let t(v) = 98*v**2 - 3*v + 25. What is the tens digit of t(-7)?
4
Let d(n) = -n**2. Let w be d(0). Suppose 4*o - 688 + 245 = 3*t, o - t - 112 = w. Let g = o + -25. What is the units digit of g?
2
Let y(z) = -6*z**3 + 5*z**2 + z + 12. Let g be y(-5). Suppose -19*t + 22*t = 4*s + 1323, -s - g = -2*t. What is the tens digit of t?
4
Suppose -9*s + 2089 - 1 = 0. Let w = 33 + s. What is the units digit of w?
5
Let m be 80/(-30)*(1 - 4). Let t be 4/m*(10 - 4). What is the units digit of (-2 - (t + 62))*-1?
7
Suppose 20*i - 370 = -17*i. Let n = i - -222. What is the hundreds digit of n?
2
Let p(l) = 5*l**2 - 6*l + 12. Let y be p(-10). Suppose 3*j - 46 = 3*f + y, 5*f = 5. Suppose q - 34 + j = 3*o, -2*q = 5*o - 281. What is the units digit of o?
7
Let r be 14232/28 - 4/42*3. Suppose 18*u - 22*u = -r. What is the units digit of u?
7
Let i = 29 - -56. Let y = -41 + 84. Suppose -y = -4*h + i. What is the units digit of h?
2
Suppose 58*q + 544 = 60*q. Let y = 456 + q. What is the tens digit of y?
2
Let b(o) = o**3 + 9*o**2 + 12*o - 9. Suppose 0 = -2*k - 3*k + 75. Suppose 6*z + k = -27. What is the units digit of b(z)?
5
Suppose 0 = -1020*m + 1025*m + 5, -62060 = -3*i - 4*m. What is the units digit of i?
8
Let r = 101850 - 65164. What is the units digit of r?
6
Suppose 0 = 59*u - 63*u + 128. Let a(q) = -2 - 28 - 17 - 4 + u*q. What is the units digit of a(6)?
1
What is the hundreds digit of (124865/(-10))/(6 - 39/6) - -2?
9
What is the tens digit of -13 + 8 - -8 - -8754?
5
Suppose 4*h + 40037 = 3*r + 6*h, 5*h = -5*r + 66740. What is the hundreds digit of r?
3
Suppose -5*v = 10, 33*v - 29*v + 26624 = 4*p. What is the thousands digit of p?
6
Suppose -c + 0*v = -4*v + 8, 5*v - 11 = c. Suppose -38 = c*q - 10. Let l(k) = -k**3 - 5*k**2 + 2*k + 4. What is the tens digit of l(q)?
8
Suppose -34*r + 1760 = -12*r. Suppose r*c = 83*c - 453. What is the hundreds digit of c?
1
Let g = -1618 + 2231. What is the units digit of g?
3
Suppose 5*a - 93909 = -6*h + 8*h, 0 = 4*a - 2*h - 75126. What is the hundreds digit of a?
7
Let o(w) = -109*w**3 + w**2 - w + 16. What is the tens digit of o(-3)?
7
Let t = -3660 - -3672. Let d(s) = 0 + 8*s - 2 - 20. What is the units digit of d(t)?
4
Let p = 61 + -61. Suppose 4*h + 20 = 0, -4*b + h + 2 - 1 = p. What is the tens digit of ((-70 - -2) + 5)*b?
6
Let h be (-9)/(-21) + (-1)/(-14)*-6. Let a(y) = -y**2 - 31*y + 1495. What is the thousands digit of a(h)?
1
Let v(x) = -x**2 - x + 2. Let j be v(-3). Let l be (-8376)/(-16)*j/6. Let c = 556 + l. What is the units digit of c?
7
Let i = 45 - 30. Let g be 5/(i/9) - 8. What is the hundreds digit of (-1)/(g/2) + (-1786)/(-10)?
1
Let y(b) = b**3 - 10*b**2 - 31*b. Let h = 515 - 501. What is the units digit of y(h)?
0
Suppose -273297 = -17*v + 9*v - 33345. What is the units digit of v?
4
What is the tens digit of (-136266)/(-9) - 3/((-99)/(-22))?
4
Let o(j) = 478*j + 270. What is the units digit of o(3)?
4
Let b = 104 + -104. Let r be 5 + (b/(-3) - (5 - 1)). What is the tens digit of (-2691)/(-18) + r/(-2)?
4
Let i(k) = -k - 60 + 2*k**3 + 28 + 4*k + 9*k + 67*k**2 + 23. What is the tens digit of i(-33)?
8
Suppose 93521 - 333593 = 4433*m - 4457*m. What is the tens digit of m?
0
Suppose 2*d - 1 = 19. Suppose 272 + 398 = d*f. What is the tens digit of f?
6
Let v be 18/(-30) + (-6)/(-10). Let f be (v + 0)/((-21)/(-7)). Suppose f = -5*i - 5*u + 1300, i + 9*u - 252 = 6*u. What is the units digit of i?
4
Let w(g) = g**3 + 76*g**2 + 260*g + 605. What is the units digit of w(-57)?
6
Let s = 84231 + -57380. What is the hundreds digit of s?
8
Let i(n) = -n**3 + 9 - 7*n**2 - 4 + 1 - 17 + 12*n. What is the hundreds digit of i(-10)?
1
Let u(b) = -b**2 + 13*b - 19. Let l be (6/8)/((-1)/(-8)). Let z be u(l). Suppose -21*a = -z*a + 304. What is the tens digit of a?
5
Let m(j) = -53*j + 30. Let z(x) = 45*x - 30. Let l(k) = 4*m(k) + 5*z(k). Let g(t) = 8*t**3 + t**2 - t. Let h be g(1). What is the tens digit of l(h)?
7
Suppose 0 = -3*c + 2*l - 2329, 8*l - 1454 = 5*c + 2437. Let t = 816 + c. What is the units digit of t?
1
Suppose -30 = 3*h - 96. Let j = 5 + h. Suppose -29*o = -30*o + j. What is the tens digit of o?
2
Suppose a + 3*f = -2*a + 30, 5*a = -3*f + 42. Let i = 8 - a. Suppose i*h = h + 55. What is the units digit of h?
5
Suppose 3*v - a + 81 + 1 = 0, 0 = -2*a + 8. Let b be (-4 + 65/20)*(-2 + v). Let l = 1 + b. What i